 + 2 - -5.
17
Calculate 4 + -1 + (-2 - (21 - 25)).
5
What is 30 + (7 - (-2 - -20) - -5) - 9?
15
Calculate 18 + -1 - (-40 - -53).
4
What is the value of 16 - 8 - (4 - -2 - -1)?
1
What is the value of 36 + 4 + -17 + -5 + -42?
-24
Evaluate 85 + 115 + -199 - (-9 + -1 + 0).
11
What is (92 - 78) + -6 + 1 - (-8 + 1)?
16
Evaluate 12 + 46 + -16 + -14.
28
Evaluate 8 + (-2 + 4 - 4 - -2 - -5).
13
Evaluate 6 + (-6 - -8) + -21 - -37.
24
Calculate (25 - 2) + (-3 - -14) + -21 + 3.
16
Calculate (4 - (7 - 2)) + (-63 - -61) + -9.
-12
What is (0 - (-1 + -5)) + (-6 - -15)?
15
Evaluate 16 + -4 + -18 + 1.
-5
19 + -10 + (-6 - -6) - (2 - -4)
3
Calculate 167 + -172 - (-10 - (-3 - -1)).
3
What is the value of (9 - ((8 - (-7 - -2)) + -1)) + 3?
0
Evaluate 4 - (-4 + -1 + (6 - (0 + 3))).
6
What is 11 - 54 - (-24 + -9)?
-10
What is the value of (5 - 10) + (8 - (18 - 11))?
-4
-21 + 9 + (6 + -8 - (-6 + 11))
-19
What is the value of -12 + 4 + -3 + 17 + 15?
21
-9 + (2 - -1 - (-27 + 18 + 1))
2
-12 - (10 + -5 + -11 - -3 - -2)
-11
Calculate -80 + 86 + 22 + -6.
22
Calculate 4 + 0 + (15 - (16 + 6)) + 20.
17
Evaluate 2 - (5 - (-1 - (-4 + 9))) - 7.
-16
Evaluate -5 + -1 + 9 + (9 - (11 + 11)).
-10
Evaluate 33 - (64 - 36) - (18 + 1).
-14
6 + 2 + 22 + -16 + 26
40
Calculate (5 + (7 - 12) + 3 - 6) + -8.
-11
-145 + 172 - (5 + -1)
23
What is the value of -22 + -4 + (28 - 13) + -12?
-23
Calculate -12 - (6 + -13 + -13).
8
Evaluate -1 - (-11 - (-15 + -6)) - -5.
-6
Evaluate 4 + (-3 - -8) + 23 + -30 + -20.
-18
What is 37 + -36 - (-2 + 0) - (-43 + 26)?
20
Evaluate -4 + 21 - (2 + -6 + 4 + 6).
11
Calculate -110 + 130 - (10 - (-2 - -1)).
9
-1 + (-8 - -6 - (-8 + -2))
7
Calculate -13 + 33 + -22 + 13.
11
Evaluate -4 - (5 + -4) - (19 - 33).
9
Evaluate -2 - -2 - 4 - (-150 + 152).
-6
What is 13 + 6 - (6 + 0 + (-6 - -5))?
14
-25 - (-16 + 14 + -1 + 53 + -60)
-15
What is 7 + (-4 - -7 - 6)?
4
(1 - 12) + (-12 - -41 - 36)
-18
What is the value of (432 - 441) + -1 + 22?
12
Calculate (-6 - 1) + (2 - -5 - -3).
3
Calculate 17 - (0 + 3 - -1) - (39 - 37).
11
Evaluate -13 + (2 + -3 + 10 - -3).
-1
(0 - -7) + -37 + (86 - 63)
-7
Calculate (840 - 867) + 0 + 5.
-22
(-7 + 8 - -6) + (3 - (4 - 5))
11
What is (-41 - -19) + 13 + -13?
-22
What is the value of 1 - 15 - (-188 + 189)?
-15
What is the value of -1 - 0 - ((5 - 3) + -9 - 13)?
19
Calculate 3 + -1 + 2 + 52 + -50 - 3.
3
Evaluate -9 + (25 - 13) + -4 - (-10 + 3).
6
Evaluate -10 + -19 + 63 + (-2 - -1) + -8.
25
Calculate (2 - (-1 - -8)) + -507 + 514.
2
9 + (13 - 8) + (12 - 1)
25
What is -25 + (17 - -1 - -34)?
27
What is the value of -10 + (19 - 8) - ((-8 - 5) + -2)?
16
Evaluate 3 + 32 + -474 + 467.
28
What is the value of 19 + -11 + (-15 - -4) + 1?
-2
What is (0 + 2 - -5) + (44 - 46) + 4?
9
-3 + -1 + (-3 - 7) + 6 + -2
-10
What is 6 - (-4 - (7 - 17))?
0
What is 4 + 3 + (2 - -2) - 31?
-20
What is -7 + (102 - 116 - (-24 + -1))?
4
Evaluate (-177 - -152) + (3 - 0) + -14 + 16.
-20
What is the value of (28 - (-32 + 75)) + (-1 - -2)?
-14
Evaluate 13 - (8 + -1 + 5).
1
What is -8 - (-2 + -3) - (-6 + -14 + 15)?
2
What is -3 + (-5 - -4) - (11 + -15)?
0
4 - (22 - 8) - ((-7 - -12) + -40)
25
1 + -14 + -64 + 73 - (-6 + 2)
0
Calculate 4 + (-9 - -3) - (-5 + -5 + 4).
4
Evaluate -8 - ((22 - 13) + -24).
7
What is -4 + 0 + (-87 - -89)?
-2
Calculate 41 + (-8 - -15 - 26).
22
What is the value of 13 + -10 + 9 - 1?
11
0 + 5 + 0 + (0 - -4 - 0)
9
What is 10 + (-2 - -14 - (66 - 45))?
1
What is -12 + -2 - (5 + -6)?
-13
Evaluate 8 + -1 + 7 + -8 + -1 - 8.
-3
What is -2 + 25 + (-245 - -226)?
4
What is 1 + 2 + (130 - 143)?
-10
Evaluate (-5 - 1) + (2 - 0) + -3032 + 3044.
8
What is 16 + 1 + -1 - (22 - 14)?
8
What is 29 - (-10 - (27 + -17 + -35))?
14
5 + (-10 + -1 - 4) + -1
-11
Evaluate 44 + (-2 + -3 - (135 - 126)).
30
Calculate -10 + (-1 - -3) + (-17 - -29).
4
Calculate 9 + -14 + (-2 - -4) + (-50 - -60).
7
(-50 - -52 - (-1 + -3 + 3)) + -6
-3
What is 6 + 0 - 6 - (-21 + 23)?
-2
(-11 - -11 - 0) + 3 - 24
-21
What is the value of 2 + -10 - (4 - 14)?
2
Calculate -10 + -33 + (-7 - (-7 + (8 - 19))).
-32
5 + -2 - (2 + 8)
-7
-21 - (1 + 7 + -3 - (-33 + 47))
-12
Evaluate -36 + 26 + (6 - 3).
-7
Calculate (0 - -5) + 0 - (56 + -13 - 46).
8
Evaluate (-3 - -6) + -17 + (-25 + 13 - -15).
-11
What is (-50 - -51) + 1 + 1 + 1?
4
Calculate -7 + -2 + 2 - (16 - (-42 + 81)).
16
What is -1 + 3 + (-30 - -21)?
-7
(5 - 0) + -20 + 32 - -4
21
What is 2 + 1 + (-7 - -32 - 37)?
-9
What is -10 + (4 - 2) + (15 - 13)?
-6
What is the value of -2 + 5 + (-14 - -11 - 1 - 18)?
-19
6 + -8 + 11 - 2 - (-11 - 0)
18
(0 + -12 - -4) + (-5 - -11)
-2
Calculate 0 + 30 - (-27 + -10 - -38).
29
Calculate -2 - (-7 + -9 + 28 - (6 + 0)).
-8
What is -12 + (-15 - (16 - 33))?
-10
Evaluate -31 - (-21 + -5) - 19.
-24
Calculate -4 - (7 + -2 + 2 - (0 + 0)).
-11
What is 4 - (-15 + 10 + -1 + -2)?
12
-6 - (0 + (-2 - 4) + 4)
-4
What is -4 - ((-22 - 0) + 39 + (35 - 79))?
23
What is the value of -9 + (2 - 2) - (-11 + 47 + -38)?
-7
Calculate (-2 - 3) + (75 - 29 - 34).
7
Evaluate 3 + (-3 - 0 - 0) + 3 + -3.
0
Evaluate -8 - ((4 - 6) + -1) - -7.
2
Calculate 3 + -25 - (10 - ((-8 - -22) + -5)).
-23
What is the value of 0 + 17 - (-10 + 8 + 1 + 2)?
16
Evaluate -2 + 0 - (-411 + 418).
-9
(2 - (-7 + 6 + 2)) + 11
12
(-5 - (-5 - 2 - 2)) + -2
2
What is the value of -3 - (-34 - (14 + -30))?
15
What is the value of 10 + 2 + (7 - (-2 + 7)) + -18?
-4
What is 250 + -227 - (4 + 0)?
19
(2 - 4) + 7 - (-8 + -9 + 37)
-15
Calculate 27 - (-10 + 40) - (0 + (1 - 0)).
-4
What is the value of (-13 + 21 - 8) + (5 - 10)?
-5
-5 - (-13 - 3) - (-22 - -12)
21
What is the value of 12 - 4 - (5 + -5 + 7) - 2?
-1
What is the value of -2 - -2 - (-35 + 37 + -10)?
8
What is (12 - 0) + (-16 - (-28 - -17))?
7
What is the value of 9 - (87 - 79 - (-4 - -1)) - 2?
-4
Evaluate 0 + 41 + -18 - 33.
-10
Calculate -3 + -13 + -36 + 50 + 8.
6
Evaluate -33 - -35 - (1 + 6).
-5
4 + (5 - 6) + -15
-12
What is the value of 35 - (-22 - -66) - 19?
-28
Calculate 3 - -6 - (6 + 11).
-8
25 + -27 + -8 + -8
-18
What is the value of 1 + 1 - (-55 + 83 - 29)?
3
What is -12 - (9 + -9 + -7) - (4 - -2)?
-11
What is the value of -6 + 1 - (1 + -2)?
-4
What is the value of (-3 - (9 + -5 + -11)) + -5?
-1
What is the value of (30 - (-10 - -10)) + -19?
11
What is the value of 0 + 28 - (27 + 5)?
-4
8 - (27 - 19 - -34) - (-3 + -1)
-30
What is the value of -13 + (7 - 8) + 14?
0
-1 + 12 - (8 + -58 + 40)
21
(5 + -7 - (-25 - 1)) + (-29 - -25)
20
Calculate -1 - (11 - 3) - (59 + -79).
11
0 + -2 + 9 - (11 + (-9 - -4))
1
12 + 0 + 6 + 2 + 4
24
What is 2 + -4 - (-12 - -11 - (4 - 6))?
-3
What is 1 + -7 + (17 - 12) - -9?
8
Calculate -29 + (-10 - (-30 + -16)).
7
Calculate (13 - (3 + -3 + 1)) + (92 - 91).
13
Evaluate -1 - (-3 + 16 - (3 - -2) - -1).
-10
20 + -9 + -5 - 13 - 3
-10
What is the value of -10 + (21 - (14 - 4))?
1
Calculate 6 + (0 - 0 - (-22 + 26) - 2).
0
What is -3 + 3 + -10 - -6?
-4
Calculate 15 - ((21 - -8) + -8).
-6
Calculate -7 + (13 + -5 - (-1 + 4)) + -1.
-3
Evaluate -14 + (-12 - -3) + -4 + 13.
-14
Calculate 3 + (19 - (-8 + 8)) + 4 - -6.
32
Evaluate (-2 - 0) + (4 - -3).
5
6 - ((33 - 6) + -13)
-8
Evaluate 10 - (-13 + 9) - 19.
-5
Evaluate 9 + (15 - 15) + -13.
-4
What is 5 + 9 + -9 - (2 - 5)?
8
Evaluate 20 + (3 - 17) - 7.
-1
Evaluate -14 - (-16 + -4 - (-6 - 3)).
-3
Evaluate 9 - 2 - (1 + 8).
-2
Calculate -256 + 272 + (-2 - (0 + 2)).
12
What is 2 + -1 + 33 + -50 + 40?
24
Evaluate 8 + 2 - (94 + -77).
-7
What is the value of (15 - 7) + 0 - (-14 + 6 - 0)?
16
Calculate -23 + (2 - (4 - 17)).
-8
What is the value of (9 - -2) + -10 + 1 + 18?
20
Calculate (0 - 4 - (5 - (-6 - -14))) + 6.
5
Calculate -1 + 4 + (44 - (56 + -2)).
-7
What is (-8 - (-17 + 7) - 0) + 11?
13
-20 - (-17 + 13 + 13)
-29
Calculate (-10 + 9 - -10) + -6 + -36 + 7.
-26
(62 + -56 - (0 - 3)) + 4
13
What is 53 + (-9 - 2 - 17)?
25
What is the value of 4 - 1 - (-12 + -6 + 28 + 7)?
-14
What is the value of -15 + 9 + 1 + 9?
4
Evaluate 2 + -3 + -1 - -13 - (325 - 279).
-35
Calculate (-2 - -24) + 24 + 10 + -33.
23
-59 - (30 + (-38 - 25))
-26
Calculate (-273 - -282) + (-6 - -1).
4
(3 - -30) + (41 + -55 - (-5 + 2))
22
Calculate 22 + 0 - (-13 + -2 + 14) - -4.
27
Evaluate (25 - 0) + -4 + 3 + -7 + -1.
16
What is (33 + -2 - (6 + -2)) + -23 + 16?
20
Calculate -2 + 4 + 8 + 12 + -9 + -32.
-19
Calculate 0 - 12 - (1 + 3 - 5).
-11